factor of r and 1115.
223
Let c = 3305 + -3129. What is the highest common divisor of c and 396?
44
Let z = 128 - 219. Let l = -43 - z. Suppose -6*o = 2*p - 3*o - 63, -3*p + 117 = -3*o. What is the greatest common factor of l and p?
12
Let w = -1928 + 1937. Let f(a) = 3*a**2 + 6*a + 21. Let n be f(-6). What is the greatest common factor of w and n?
3
Suppose 0 = 69*a - 68*a - 2. Let j(i) = i**2 + 10*i - 1. Let y be j(-11). Suppose -x + 0 + y = 0. Calculate the highest common divisor of a and x.
2
Let f(x) = x**2 + 13*x + 37. Let u = -512 + 501. Let v be f(u). What is the greatest common factor of v and 5?
5
Suppose 29*v - 699 - 859 = 762. Let u = -29 + 49. Calculate the greatest common divisor of u and v.
20
Suppose 239 = 3*y + 4*c, 5*y - 4*c - 100 = 277. Suppose -411 = -179*n + 3527. Calculate the greatest common factor of n and y.
11
Let k be (-2 + (-96)/(-9))/(2/3). Suppose 9 = -y + k. Suppose -2*j + y*p - 2*p + 18 = 0, 3*j + 4*p - 48 = 0. Calculate the greatest common divisor of j and 24.
12
Suppose -a + 5*i = -645, -46*a - 1884 = -49*a - 2*i. Calculate the greatest common divisor of 728 and a.
14
Suppose 35331 = 3*s - 5*x, -33*x + 28*x = 6*s - 70617. What is the highest common factor of 60 and s?
12
Let n be 112/(-6)*20/70*-12. Suppose 5*p = -v + 54 - 4, 0 = v - 2*p - n. What is the highest common divisor of v and 150?
30
Let b be (16/6)/((-67)/(-2211)). Let m be 2/(-8) - (-399)/12. Calculate the highest common factor of b and m.
11
Let c be (29 - (-531)/(-18)) + 305/2 + -2. What is the greatest common divisor of c and 69?
3
Suppose 9 - 653 = -3*y + 2*z, 2*y + 2*z - 436 = 0. What is the greatest common divisor of y and 279?
9
Let v(x) = -61*x - 47. Let t(y) = 60*y + 49. Let j(s) = -5*t(s) - 4*v(s). Let c be j(-3). What is the greatest common factor of 148 and c?
37
Let p = 8101 - 5688. What is the greatest common factor of p and 38?
19
Let v be 1724/(-14)*-1 + 24/(-168). Let p = 43 - 40. Calculate the greatest common factor of p and v.
3
Let b = 21731 + -21685. Calculate the highest common factor of 50 and b.
2
Suppose 0 = 2*n - 7045 + 989. Suppose -6*t - 964 = -n. Calculate the highest common factor of t and 8.
8
Suppose -44*s - 775 + 2725 = 31*s. Calculate the highest common divisor of s and 533.
13
Suppose 99*t - 812 = 85*t. What is the greatest common divisor of 377 and t?
29
Suppose 0 = 4*h - 20, -3*t + 1186 = -23*h + 19*h. Calculate the highest common divisor of t and 36.
6
Let n = 108 + -63. Let w be -1 + (20/15)/((-4)/(-12)). Suppose -w*m + 8*q = 7*q - 32, 0 = 3*q + 15. Calculate the greatest common divisor of m and n.
9
Let c = -2786 + 3046. Calculate the greatest common factor of c and 35.
5
Let f be (-72)/288 + 93/4. Let n(x) = 39*x - 4. Let t(v) = -39*v + 3. Let y(z) = 5*n(z) + 6*t(z). Let a be y(-3). What is the greatest common factor of f and a?
23
Let l be (-42)/49*-7*10. Suppose -p - 69 = -3*n, p = -3*n - 2*p + 81. Calculate the highest common factor of n and l.
12
Let y = 475265 + -474697. Let v(s) = 7*s**3 + s. Let m be v(1). Calculate the greatest common divisor of y and m.
8
Let n(x) = 86*x**2 + 54*x + 14. Let c be n(3). Calculate the greatest common factor of 150 and c.
50
Let v = 157 - 67. Suppose -64 = t - 8*d + 4*d, t - 2*d = -58. Let z = 70 + t. Calculate the highest common divisor of z and v.
18
Let d(i) = 95*i - 151. Let p be d(6). Let k = p + -404. What is the greatest common factor of 735 and k?
15
Suppose -50 = -9*h + 4*h. Let m(u) = 4*u**2 - 24*u - 5. Let g be m(h). Calculate the greatest common factor of 31 and g.
31
Suppose 10093 = 179*u - 14967. What is the greatest common factor of 250 and u?
10
Let a = 176 + -104. Suppose 0 = s + y + 63, -2*y - 131 = 5*s + 190. Let h = s + a. What is the greatest common factor of h and 21?
7
Suppose -84761 - 104479 = -83*v. What is the highest common factor of v and 270?
30
Let w = 2770 + -2759. Calculate the greatest common divisor of 473 and w.
11
Let v(z) be the first derivative of z**4/4 - 31*z**3/3 + 35*z**2/2 - 147*z + 6. Let i be v(30). What is the highest common factor of 3 and i?
3
Suppose 4*g + 45 = 5*g. Let u be ((-6)/(-27))/(5/g). Suppose 15 = -4*h + h, 2*h = 2*y - 54. What is the greatest common factor of u and y?
2
Let d = 1145 + -837. What is the highest common divisor of 476 and d?
28
Let b(x) = -x**3 - 12*x**2 - x - 3. Let p be b(-12). Let l(n) = 19*n - 4. Let w be l(1). Let g = w + -14. Calculate the highest common factor of p and g.
1
Let d = -54 - 439. Let v = -129 - d. What is the highest common factor of 26 and v?
26
Suppose 0 = -33*c + 30*c + 150. Calculate the greatest common divisor of c and 6.
2
Let v be 877 + 49 + 51/(-6) + 3/6. What is the greatest common divisor of v and 594?
54
Suppose 24*f = 299 + 3 + 10. What is the greatest common factor of 9334 and f?
13
Let a = -228 + 194. Let o = a - -75. Calculate the highest common divisor of 656 and o.
41
Let z = -2947 + 4467. Calculate the greatest common divisor of 320 and z.
80
Let j(g) = 306*g**3 - 3*g**2 - g. Let r be j(-1). Let i = r + 325. Calculate the highest common divisor of i and 153.
17
Let n be 119*5*(2 + (-36)/45). Suppose n = 12*l + 5*l. Calculate the greatest common factor of l and 14.
14
Let g(m) = m**2 + m + 39. Let c be g(0). Let v(p) = -7286*p + 21923. Let b be v(3). What is the highest common divisor of c and b?
13
Let u(i) = -46*i + 443. Let d be u(7). What is the highest common factor of d and 4961?
121
Let v = -1861 + 1923. Calculate the highest common divisor of v and 4619.
31
Let n be 2*(-8)/(-4 + 2). Let h be (-5088)/1166*198/(-8). What is the greatest common divisor of n and h?
4
Suppose 4*g + 78*c - 166 = 81*c, -4*c + 24 = 0. Calculate the greatest common divisor of g and 734.
2
Suppose -m - 404 = 6*q - 11*q, -780 = 2*m - 3*q. Let c = m + 484. Calculate the highest common factor of 20 and c.
20
Suppose 209*u - 277*u + 272 = 0. Let a be (-446)/(-7) + (-4)/(-14). Calculate the highest common divisor of u and a.
4
Suppose 16486 = 213*j - 5027. Let b be (91/4)/((-2)/(-8)). Let r = j - b. What is the greatest common factor of r and 50?
10
Suppose -8*q + 0*q = -1240. Suppose -2*l + 3*n + 48 = -11, 92 = 3*l - n. What is the highest common factor of l and q?
31
Let q(x) = -438*x + 13157. Let v be q(30). Calculate the highest common divisor of v and 14909.
17
Let a be (3024/135 - 22) + (-1 - 23/(-5)). What is the highest common divisor of a and 764?
4
Let g(y) = -y**2 - 90*y - 974. Let a be g(-14). What is the greatest common factor of 1305 and a?
45
Let q be (7353/114)/((-357)/(-178) - 2) + 6. What is the highest common divisor of q and 63?
21
Suppose -9 = 3*u + 4*m - 39, -2*u - 5*m = -27. Suppose 2*k = -0 + u. Let x be (-533)/143 + 4 + (-2088)/(-88). What is the highest common factor of x and k?
3
Let n(h) = 1474*h + 4569. Let b be n(-3). What is the greatest common divisor of b and 2877?
21
Suppose 5*q + 5*j + 4 + 6 = 0, 4 = 4*q + j. Suppose u = q*x - 2*u - 97, -x + u + 51 = 0. What is the greatest common factor of 126 and x?
14
Let s = -239 + 243. Suppose c - 4*m = 0, 2*c = 5*m + s - 1. What is the greatest common factor of c and 17?
1
Suppose 0 = 31*o - 26*o - 25. Suppose -o*g = -0*g - 60. What is the greatest common divisor of g and 204?
12
Let c be 2/(-1 - 12/(-8)). Let d be (22/c - 2)*2. Suppose 57*i - 2702 = 889. Calculate the greatest common divisor of d and i.
7
Suppose -181 - 21 = -3*m + 2*i, -3*m + 226 = 4*i. Calculate the greatest common factor of 2030 and m.
70
Suppose 3*z + 5*a = z + 16, -2*a = 5*z - 61. Let u be 1*295 + 1 + 2 + 1. Calculate the highest common divisor of u and z.
13
Let u = 1939 - 1930. Calculate the highest common factor of 87 and u.
3
Let f(n) = -4*n**3 - 69*n**2 - 23*n - 92. Let o be f(-17). Calculate the highest common factor of o and 610.
10
Let i be 1 - 42/(-14) - 5/(5/(-8)). Calculate the highest common divisor of 10 and i.
2
Let a(d) = -2*d + 9. Let n be a(7). Let o be 0/3 + n + 74. Calculate the highest common divisor of 3 and o.
3
Let t be (3 - 1 - -21) + 1 + -4. Suppose t*n = 19*n + 43. Let o = -36 + n. Calculate the highest common factor of 28 and o.
7
Suppose 38 = 5*x - 3*x - 22. What is the highest common divisor of 1470 and x?
30
Suppose -157*w - 73786 = -4*d - 160*w, 2*d + 4*w = 36898. Calculate the highest common divisor of